, 7, 19, 3607
What are the prime factors of 174455076?
2, 3, 14537923
List the prime factors of 608067056.
2, 38004191
What are the prime factors of 209544279?
3, 7, 383, 26053
What are the prime factors of 728086856?
2, 7, 41, 67, 4733
List the prime factors of 473131935.
3, 5, 129803
List the prime factors of 590945024.
2, 17, 135787
List the prime factors of 563382974.
2, 7, 11, 3658331
List the prime factors of 1788693838.
2, 894346919
What are the prime factors of 41859852?
2, 3, 41, 85081
List the prime factors of 32830772.
2, 13, 631361
What are the prime factors of 86920748?
2, 491, 44257
What are the prime factors of 75779614?
2, 383, 98929
What are the prime factors of 69985331?
13, 1597, 3371
What are the prime factors of 37926440?
2, 5, 197, 4813
List the prime factors of 11612629.
7, 19, 87313
List the prime factors of 309849216.
2, 3, 31, 26029
List the prime factors of 41110507.
41110507
List the prime factors of 87945127.
87945127
What are the prime factors of 34430645?
5, 263, 26183
What are the prime factors of 5459801627?
7, 79, 201491
What are the prime factors of 700542750?
2, 3, 5, 934057
What are the prime factors of 7194718488?
2, 3, 299779937
What are the prime factors of 127400616?
2, 3, 7, 252779
What are the prime factors of 3450867815?
5, 59, 11697857
List the prime factors of 4744342756.
2, 23, 1319, 39097
What are the prime factors of 68960097?
3, 631, 12143
What are the prime factors of 57575632?
2, 3598477
What are the prime factors of 178605182?
2, 7, 293, 43541
List the prime factors of 15890405.
5, 29, 109589
What are the prime factors of 1115638533?
3, 123959837
What are the prime factors of 922523478?
2, 3, 153753913
List the prime factors of 2830659967.
41, 1153, 59879
List the prime factors of 2293528089.
3, 17, 73, 103, 5981
What are the prime factors of 1108407502?
2, 554203751
List the prime factors of 22212925.
5, 7, 18133
List the prime factors of 610878786.
2, 3, 7, 103, 20173
What are the prime factors of 93661233?
3, 2543, 12277
What are the prime factors of 5026570614?
2, 3, 13, 67, 106871
What are the prime factors of 11585711?
431, 26881
What are the prime factors of 10580651?
10580651
List the prime factors of 414801527.
7, 23, 2576407
What are the prime factors of 160754777?
53, 457, 6637
List the prime factors of 34427669.
17, 29, 69833
What are the prime factors of 1028799020?
2, 5, 103, 157, 3181
List the prime factors of 48419283.
3, 11, 503, 2917
List the prime factors of 276740740.
2, 5, 577, 23981
What are the prime factors of 34607052?
2, 3, 619, 1553
What are the prime factors of 144677007?
3, 163, 98621
What are the prime factors of 112479810?
2, 3, 5, 19, 41, 4813
What are the prime factors of 28148370?
2, 3, 5, 938279
What are the prime factors of 3100511859?
3, 211, 4898123
List the prime factors of 66607233.
3, 7, 11, 2383
What are the prime factors of 293145375?
3, 5, 781721
What are the prime factors of 4300421910?
2, 3, 5, 8527, 16811
List the prime factors of 111829497.
3, 13, 19, 47
What are the prime factors of 2942405176?
2, 31, 382727
What are the prime factors of 1164135038?
2, 11, 3461, 15289
List the prime factors of 54845359.
37, 1482307
What are the prime factors of 65869680?
2, 3, 5, 274457
What are the prime factors of 3295190413?
2011, 1638583
List the prime factors of 71118335.
5, 14223667
What are the prime factors of 275630384?
2, 17, 29, 83, 421
List the prime factors of 204989.
359, 571
What are the prime factors of 110672757?
3, 13, 23, 13709
List the prime factors of 78568638.
2, 3, 139, 94207
What are the prime factors of 90974948?
2, 22743737
What are the prime factors of 768785684?
2, 61, 3150761
What are the prime factors of 773782670?
2, 5, 6269, 12343
List the prime factors of 3933579259.
34483, 114073
List the prime factors of 466203329.
181, 1277, 2017
List the prime factors of 38490514.
2, 19245257
List the prime factors of 426089898.
2, 3, 13, 140069
What are the prime factors of 16502884?
2, 43, 95947
List the prime factors of 579722750.
2, 5, 2318891
What are the prime factors of 873651576?
2, 3, 7, 53, 107, 131
List the prime factors of 74770952.
2, 71, 131639
What are the prime factors of 339128431?
1153, 294127
What are the prime factors of 63262869?
3, 21087623
List the prime factors of 2365919.
139, 17021
What are the prime factors of 1864626329?
43, 43363403
List the prime factors of 3989761495.
5, 797952299
List the prime factors of 311580319.
647, 481577
List the prime factors of 409203859.
103, 613, 6481
List the prime factors of 494841676.
2, 7, 17672917
List the prime factors of 732191097.
3, 11, 22187609
List the prime factors of 1511641364.
2, 37, 10213793
List the prime factors of 247139781.
3, 7, 31, 193, 281
List the prime factors of 2300600360.
2, 5, 61, 942869
List the prime factors of 4326088716.
2, 3, 839, 47743
List the prime factors of 150884151.
3, 11, 4572247
List the prime factors of 210865848.
2, 3, 8786077
What are the prime factors of 1478708197?
673, 2197189
What are the prime factors of 1842808744?
2, 7, 32907299
List the prime factors of 1478601881.
37, 2749, 14537
List the prime factors of 41202059.
41202059
What are the prime factors of 49686376?
2, 17, 103, 3547
List the prime factors of 459374130.
2, 3, 5, 821, 6217
What are the prime factors of 722081297?
7, 23, 89, 313
List the prime factors of 287460995.
5, 57492199
List the prime factors of 130275056.
2, 109, 74699
What are the prime factors of 551306385?
3, 5, 7, 29, 20117
What are the prime factors of 510321484?
2, 1663, 76717
What are the prime factors of 1160864622?
2, 3, 19, 131, 2879
List the prime factors of 59148632.
2, 29, 109, 2339
What are the prime factors of 112322727?
3, 11, 34381
What are the prime factors of 67223407?
31, 2168497
What are the prime factors of 7833206078?
2, 829, 4724491
List the prime factors of 25010692.
2, 7, 43, 20773
What are the prime factors of 201670805?
5, 7, 79, 72937
List the prime factors of 519437930.
2, 5, 11, 4722163
List the prime factors of 290177554.
2, 145088777
What are the prime factors of 88022514?
2, 3, 109, 134591
List the prime factors of 652748413.
37, 41, 430289
List the prime factors of 2673284855.
5, 397, 1346743
List the prime factors of 3064791449.
197, 1459, 10663
List the prime factors of 61576380.
2, 3, 5, 17, 20123
List the prime factors of 508492805.
5, 101698561
What are the prime factors of 2499832271?
1237, 2020883
List the prime factors of 3749890838.
2, 17, 110290907
What are the prime factors of 1843821605?
5, 521, 707801
List the prime factors of 1381821065.
5, 67, 113, 173, 211
List the prime factors of 151295347.
7, 19, 73, 15583
What are the prime factors of 434575?
5, 17383
List the prime factors of 4064778638.
2, 23, 239, 331, 1117
List the prime factors of 868434746.
2, 743, 584411
What are the prime factors of 1291690864?
2, 103, 783793
What are the prime factors of 723996194?
2, 29, 491, 25423
What are the prime factors of 3981264495?
3, 5, 13, 20416741
What are the prime factors of 537783052?
2, 2767, 48589
List the prime factors of 484696816.
2, 277, 109363
List the prime factors of 161762427.
3, 23, 103, 281
List the prime factors of 335161620.
2, 3, 5, 1862009
List the prime factors of 1421890203.
3, 473963401
List the prime factors of 10227326.
2, 599, 8537
What are the prime factors of 2847546335?
5, 569509267
List the prime factors of 209495888.
2, 7, 1870499
List the prime factors of 43551560.
2, 5, 13, 61, 1373
List the prime factors of 99291317.
99291317
What are the prime factors of 26763051?
3, 7, 727, 1753
List the prime factors of 334666542.
2, 3, 7, 2203, 3617
What are the prime factors of 139489541?
139489541
List the prime factors of 17572855.
5, 59, 71, 839
What are the prime factors of 36107707?
67, 538921
List the prime factors of 32915443.
11, 479, 6247
What are the prime factors of 350994981?
3, 131, 893117
List the prime factors of 4671226115.
5, 4993, 187111
List the prime factors of 261229344.
2, 3, 17, 59, 2713
List the prime factors of 1820331882.
2, 3, 17, 263, 22619
What are the prime factors of 114354143?
114354143
List the prime factors of 2439260808.
2, 3, 199, 331, 1543
List the prime factors of 425149392.
2, 3, 103, 113, 761
List the p